{"id":814,"date":"2021-03-24T14:49:30","date_gmt":"2021-03-24T14:49:30","guid":{"rendered":"https:\/\/ha-tc.com\/?page_id=814"},"modified":"2021-06-22T19:13:33","modified_gmt":"2021-06-22T19:13:33","slug":"transmishon","status":"publish","type":"page","link":"https:\/\/ha-tc.com\/pap\/transmishon\/","title":{"rendered":"Transmishon"},"content":{"rendered":"<p>[et_pb_section fb_built=&#8221;1&#8243; next_background_color=&#8221;#ffffff&#8221; _builder_version=&#8221;4.9.2&#8243; use_background_color_gradient=&#8221;on&#8221; background_color_gradient_start=&#8221;rgba(0,0,0,0)&#8221; background_color_gradient_end=&#8221;rgba(255,255,255,0.87)&#8221; background_color_gradient_direction=&#8221;213deg&#8221; background_color_gradient_end_position=&#8221;91%&#8221; background_color_gradient_overlays_image=&#8221;on&#8221; background_image=&#8221;https:\/\/ha-tc.com\/wp-content\/uploads\/sites\/9\/2021\/01\/hatc-garage2.jpg&#8221; background_position=&#8221;bottom_center&#8221; custom_padding=&#8221;130px||130px|0px|false|false&#8221; bottom_divider_style=&#8221;slant&#8221; locked=&#8221;off&#8221; collapsed=&#8221;off&#8221;][et_pb_row column_structure=&#8221;1_3,1_3,1_3&#8243; _builder_version=&#8221;4.9.2&#8243; max_width=&#8221;2560px&#8221;][et_pb_column type=&#8221;1_3&#8243; _builder_version=&#8221;4.0.5&#8243;][et_pb_post_title meta=&#8221;off&#8221; featured_image=&#8221;off&#8221; _builder_version=&#8221;4.8.1&#8243; _module_preset=&#8221;default&#8221; title_font_size=&#8221;42px&#8221;][\/et_pb_post_title][\/et_pb_column][et_pb_column type=&#8221;1_3&#8243; _builder_version=&#8221;4.0.5&#8243;][\/et_pb_column][et_pb_column type=&#8221;1_3&#8243; _builder_version=&#8221;4.0.5&#8243;][\/et_pb_column][\/et_pb_row][\/et_pb_section][et_pb_section fb_built=&#8221;1&#8243; _builder_version=&#8221;3.22&#8243;][et_pb_row column_structure=&#8221;2_3,1_3&#8243; _builder_version=&#8221;3.25&#8243; background_size=&#8221;initial&#8221; background_position=&#8221;top_left&#8221; background_repeat=&#8221;repeat&#8221;][et_pb_column type=&#8221;2_3&#8243; _builder_version=&#8221;3.25&#8243; custom_padding=&#8221;|||&#8221; custom_padding__hover=&#8221;|||&#8221;][et_pb_text _builder_version=&#8221;4.9.2&#8243; background_size=&#8221;initial&#8221; background_position=&#8221;top_left&#8221; background_repeat=&#8221;repeat&#8221; custom_padding=&#8221;||70px||false|false&#8221;]<\/p>\n<p>Transmishon, meskos ku otro parti di outo, mester di atenshon. Na HATC nos ta ofres\u00e9 siguiente servisio.<\/p>\n<p>[\/et_pb_text][et_pb_blurb title=&#8221;Inspekshon visual pa wak si no tin derame di zeta&#8221; url=&#8221;\/diensten\/auto-scannen\/&#8221; use_icon=&#8221;on&#8221; font_icon=&#8221;%%45%%&#8221; icon_color=&#8221;#ED4135&#8243; icon_placement=&#8221;left&#8221; admin_label=&#8221;Inspekshon visual pa wak si no tin derame di zeta&#8221; _builder_version=&#8221;4.9.2&#8243; header_line_height=&#8221;1.7em&#8221; link_option_url=&#8221;\/diensten\/auto-scannen\/&#8221; locked=&#8221;off&#8221;][\/et_pb_blurb][et_pb_blurb title=&#8221;Kambio di zeta i filter di transmishon&#8221; url=&#8221;\/diensten\/auto-scannen\/&#8221; use_icon=&#8221;on&#8221; font_icon=&#8221;%%45%%&#8221; icon_color=&#8221;#ED4135&#8243; icon_placement=&#8221;left&#8221; admin_label=&#8221;Kambio di zeta i filter di transmishon&#8221; _builder_version=&#8221;4.9.2&#8243; header_line_height=&#8221;1.7em&#8221; link_option_url=&#8221;\/diensten\/auto-scannen\/&#8221; locked=&#8221;off&#8221;][\/et_pb_blurb][et_pb_blurb title=&#8221;Inspekshon elektr\u00f3niko&#8221; url=&#8221;\/diensten\/auto-scannen\/&#8221; use_icon=&#8221;on&#8221; font_icon=&#8221;%%45%%&#8221; icon_color=&#8221;#ED4135&#8243; icon_placement=&#8221;left&#8221; admin_label=&#8221;Inspekshon elektr\u00f3niko&#8221; _builder_version=&#8221;4.9.2&#8243; header_line_height=&#8221;1.7em&#8221; link_option_url=&#8221;\/diensten\/auto-scannen\/&#8221; locked=&#8221;off&#8221;]<\/p>\n<p>sk\u00e8n pa detekt\u00e1 problema elektr\u00f3niko i adapt\u00e1 transmishon pa e funshon\u00e1 optimal.<\/p>\n<p>[\/et_pb_blurb][\/et_pb_column][et_pb_column type=&#8221;1_3&#8243; _builder_version=&#8221;3.25&#8243; custom_padding=&#8221;|||&#8221; custom_padding__hover=&#8221;|||&#8221;][et_pb_image src=&#8221;https:\/\/ha-tc.com\/wp-content\/uploads\/sites\/9\/2021\/01\/hatc-toolbox-scaled.jpg&#8221; title_text=&#8221;hatc-toolbox&#8221; _builder_version=&#8221;4.9.2&#8243; _module_preset=&#8221;default&#8221;][\/et_pb_image][\/et_pb_column][\/et_pb_row][et_pb_row column_structure=&#8221;1_3,1_3,1_3&#8243; _builder_version=&#8221;4.8.1&#8243; _module_preset=&#8221;default&#8221;][et_pb_column type=&#8221;1_3&#8243; _builder_version=&#8221;4.8.1&#8243; _module_preset=&#8221;default&#8221;][\/et_pb_column][et_pb_column type=&#8221;1_3&#8243; _builder_version=&#8221;4.8.1&#8243; _module_preset=&#8221;default&#8221;][et_pb_button button_url=&#8221;https:\/\/ha-tc.com\/pap\/traha-un-sita\/&#8221; button_text=&#8221;Traha un sita&#8221; button_alignment=&#8221;center&#8221; _builder_version=&#8221;4.9.2&#8243; _module_preset=&#8221;default&#8221; button_icon=&#8221;%%20%%&#8221; button_on_hover=&#8221;off&#8221;][\/et_pb_button][\/et_pb_column][et_pb_column type=&#8221;1_3&#8243; _builder_version=&#8221;4.8.1&#8243; _module_preset=&#8221;default&#8221;][\/et_pb_column][\/et_pb_row][\/et_pb_section]<\/p>\n","protected":false},"excerpt":{"rendered":"<p>Transmishon, meskos ku otro parti di outo, mester di atenshon. Na HATC nos ta ofres\u00e9 siguiente servisio.sk\u00e8n pa detekt\u00e1 problema elektr\u00f3niko i adapt\u00e1 transmishon pa e funshon\u00e1 optimal.<\/p>\n","protected":false},"author":6,"featured_media":0,"parent":0,"menu_order":230,"comment_status":"closed","ping_status":"closed","template":"","meta":{"_et_pb_use_builder":"on","_et_pb_old_content":"<p>[et_pb_section fb_built=\"1\" next_background_color=\"#ffffff\" _builder_version=\"4.9.2\" use_background_color_gradient=\"on\" background_color_gradient_start=\"rgba(0,0,0,0)\" background_color_gradient_end=\"rgba(255,255,255,0.87)\" background_color_gradient_direction=\"213deg\" background_color_gradient_end_position=\"91%\" background_color_gradient_overlays_image=\"on\" background_image=\"https:\/\/ha-tc.com\/wp-content\/uploads\/sites\/9\/2021\/01\/hatc-garage2.jpg\" background_position=\"bottom_center\" custom_padding=\"130px||130px|0px|false|false\" bottom_divider_style=\"slant\" hover_enabled=\"0\" locked=\"off\" collapsed=\"off\" sticky_enabled=\"0\"][et_pb_row column_structure=\"1_3,1_3,1_3\" _builder_version=\"4.9.2\" max_width=\"2560px\"][et_pb_column type=\"1_3\" _builder_version=\"4.0.5\"][et_pb_post_title meta=\"off\" featured_image=\"off\" _builder_version=\"4.8.1\" _module_preset=\"default\" title_font_size=\"42px\"][\/et_pb_post_title][\/et_pb_column][et_pb_column type=\"1_3\" _builder_version=\"4.0.5\"][\/et_pb_column][et_pb_column type=\"1_3\" _builder_version=\"4.0.5\"][\/et_pb_column][\/et_pb_row][\/et_pb_section][et_pb_section fb_built=\"1\" _builder_version=\"3.22\"][et_pb_row column_structure=\"2_3,1_3\" _builder_version=\"3.25\" background_size=\"initial\" background_position=\"top_left\" background_repeat=\"repeat\"][et_pb_column type=\"2_3\" _builder_version=\"3.25\" custom_padding=\"|||\" custom_padding__hover=\"|||\"][et_pb_text _builder_version=\"4.9.2\" background_size=\"initial\" background_position=\"top_left\" background_repeat=\"repeat\" custom_padding=\"||70px||false|false\"]<\/p><p>De transmissie vereist ook de nodige aandacht en wij kunnen u hierbij van dienst zijn met:<\/p><p>[\/et_pb_text][et_pb_blurb title=\"Visuele inspectie in verband met eventuele lekkage\" url=\"\/diensten\/auto-scannen\/\" use_icon=\"on\" font_icon=\"%%45%%\" icon_color=\"#ED4135\" icon_placement=\"left\" admin_label=\"Visuele inspectie in verband met eventuele lekkage\" _builder_version=\"4.9.2\" header_line_height=\"1.7em\" link_option_url=\"\/diensten\/auto-scannen\/\" locked=\"off\"][\/et_pb_blurb][et_pb_blurb title=\"Olie verversen en vervangen van filter\" url=\"\/diensten\/auto-scannen\/\" use_icon=\"on\" font_icon=\"%%45%%\" icon_color=\"#ED4135\" icon_placement=\"left\" admin_label=\"Olie verversen en vervangen van filter\" _builder_version=\"4.9.2\" header_line_height=\"1.7em\" link_option_url=\"\/diensten\/auto-scannen\/\" locked=\"off\"][\/et_pb_blurb][et_pb_blurb title=\"Elektronische inspectie\" url=\"\/diensten\/auto-scannen\/\" use_icon=\"on\" font_icon=\"%%45%%\" icon_color=\"#ED4135\" icon_placement=\"left\" admin_label=\"Elektronische inspectie\" _builder_version=\"4.9.2\" header_line_height=\"1.7em\" link_option_url=\"\/diensten\/auto-scannen\/\" locked=\"off\"]<\/p><p><span lang=\"nl-NL\">scannen<\/span><span lang=\"nl-NL\"> in verband met elektronische complicaties en bijstellen voor optimaal functioneren. <\/span><\/p><p>[\/et_pb_blurb][\/et_pb_column][et_pb_column type=\"1_3\" _builder_version=\"3.25\" custom_padding=\"|||\" custom_padding__hover=\"|||\"][et_pb_image src=\"https:\/\/ha-tc.com\/wp-content\/uploads\/sites\/9\/2021\/01\/hatc-toolbox-scaled.jpg\" title_text=\"hatc-toolbox\" _builder_version=\"4.9.2\" _module_preset=\"default\"][\/et_pb_image][\/et_pb_column][\/et_pb_row][et_pb_row column_structure=\"1_3,1_3,1_3\" _builder_version=\"4.8.1\" _module_preset=\"default\"][et_pb_column type=\"1_3\" _builder_version=\"4.8.1\" _module_preset=\"default\"][\/et_pb_column][et_pb_column type=\"1_3\" _builder_version=\"4.8.1\" _module_preset=\"default\"][et_pb_button button_url=\"@ET-DC@eyJkeW5hbWljIjp0cnVlLCJjb250ZW50IjoicG9zdF9saW5rX3VybF9wYWdlIiwic2V0dGluZ3MiOnsicG9zdF9pZCI6IjMwMCJ9fQ==@\" button_text=\"Maak een afspraak\" button_alignment=\"center\" _builder_version=\"4.9.2\" _dynamic_attributes=\"button_url\" _module_preset=\"default\" button_icon=\"%%20%%\" button_on_hover=\"off\"][\/et_pb_button][\/et_pb_column][et_pb_column type=\"1_3\" _builder_version=\"4.8.1\" _module_preset=\"default\"][\/et_pb_column][\/et_pb_row][\/et_pb_section]<\/p>","_et_gb_content_width":"","footnotes":""},"class_list":["post-814","page","type-page","status-publish","hentry"],"_links":{"self":[{"href":"https:\/\/ha-tc.com\/pap\/wp-json\/wp\/v2\/pages\/814","targetHints":{"allow":["GET"]}}],"collection":[{"href":"https:\/\/ha-tc.com\/pap\/wp-json\/wp\/v2\/pages"}],"about":[{"href":"https:\/\/ha-tc.com\/pap\/wp-json\/wp\/v2\/types\/page"}],"author":[{"embeddable":true,"href":"https:\/\/ha-tc.com\/pap\/wp-json\/wp\/v2\/users\/6"}],"replies":[{"embeddable":true,"href":"https:\/\/ha-tc.com\/pap\/wp-json\/wp\/v2\/comments?post=814"}],"version-history":[{"count":0,"href":"https:\/\/ha-tc.com\/pap\/wp-json\/wp\/v2\/pages\/814\/revisions"}],"wp:attachment":[{"href":"https:\/\/ha-tc.com\/pap\/wp-json\/wp\/v2\/media?parent=814"}],"curies":[{"name":"wp","href":"https:\/\/api.w.org\/{rel}","templated":true}]}}